 prime number?
True
Is 2810369 a composite number?
False
Is 143321 prime?
False
Is 63128197 a prime number?
False
Is 4139391 composite?
True
Is 92651167 composite?
True
Is 9332489 a prime number?
True
Is 6269117 a composite number?
True
Is 19777693 composite?
True
Is 368789071 a prime number?
False
Is 1286231 a composite number?
True
Is 259139 a prime number?
False
Is 384970351 a composite number?
True
Is 787129879 a composite number?
False
Is 638815 prime?
False
Is 3194837 composite?
False
Is 7908181 a composite number?
False
Is 22705609 prime?
False
Is 38248247 a prime number?
False
Is 821628373 a prime number?
True
Is 929337 composite?
True
Is 31489519 prime?
True
Is 24775895 a composite number?
True
Is 2523491 a prime number?
False
Is 2793601 a composite number?
True
Is 16029197 a prime number?
False
Is 21674647 prime?
False
Is 5362439 a prime number?
True
Is 3942839 a composite number?
False
Is 11255529 a prime number?
False
Is 5752421 composite?
True
Is 8846569 a prime number?
False
Is 3409415 a prime number?
False
Is 5221933 a composite number?
False
Is 54925099 a composite number?
False
Is 338042791 prime?
False
Is 136121 a prime number?
False
Is 313100857 composite?
False
Is 180269399 composite?
False
Is 155926945 a composite number?
True
Is 789520405 a prime number?
False
Is 81474053 prime?
False
Is 429680899 prime?
False
Is 231346759 a prime number?
False
Is 3184553 a composite number?
True
Is 15044867 composite?
False
Is 2403859 composite?
False
Is 3573137 a prime number?
True
Is 5728981 a prime number?
False
Is 178173649 a composite number?
True
Is 2308897 a prime number?
True
Is 18281057 prime?
False
Is 41168233 a composite number?
False
Is 3262717 prime?
True
Is 9056447 a composite number?
False
Is 121987777 a composite number?
False
Is 429131 a prime number?
False
Is 21069107 prime?
True
Is 1057631 prime?
True
Is 148205 a prime number?
False
Is 78966247 prime?
True
Is 7679479 composite?
False
Is 22584391 a prime number?
True
Is 26077735 prime?
False
Is 10840057 a composite number?
False
Is 5844347 prime?
False
Is 3807769 a prime number?
False
Is 27629963 composite?
False
Is 1153309 prime?
True
Is 8949286 prime?
False
Is 1164979 a composite number?
False
Is 3047479 a prime number?
True
Is 17418049 composite?
True
Is 1883599 prime?
True
Is 7368197 composite?
False
Is 7930817 composite?
True
Is 1262557 a composite number?
False
Is 97927619 prime?
False
Is 6229931 prime?
False
Is 5663657 composite?
False
Is 84022117 a composite number?
False
Is 261697 a composite number?
False
Is 2787229 a composite number?
False
Is 4221667 prime?
False
Is 60728893 prime?
True
Is 2278631 a composite number?
False
Is 62510339 prime?
False
Is 169490261 composite?
False
Is 118488233 a composite number?
True
Is 6911777 composite?
True
Is 2808229 composite?
False
Is 16352867 composite?
False
Is 8003998 prime?
False
Is 61081129 a prime number?
False
Is 3919369 composite?
False
Is 2269973 a prime number?
True
Is 128154057 a composite number?
True
Is 44298487 a composite number?
True
Is 3402863 prime?
False
Is 112333369 composite?
True
Is 1976197 prime?
True
Is 20073611 a composite number?
False
Is 1188815 a prime number?
False
Is 13945427 prime?
True
Is 26501507 prime?
False
Is 457144109 composite?
False
Is 19278181 composite?
True
Is 4243859 a composite number?
True
Is 158863 composite?
False
Is 5287427 a composite number?
False
Is 5297759 prime?
True
Is 41015879 a prime number?
True
Is 3078087 a composite number?
True
Is 679943 a composite number?
True
Is 4743073 a composite number?
False
Is 3902929 a composite number?
False
Is 310453991 composite?
False
Is 612133 a prime number?
True
Is 83371859 prime?
False
Is 20852449 composite?
True
Is 16114541 a composite number?
False
Is 3610049 a composite number?
True
Is 79527337 a composite number?
True
Is 19024501 a prime number?
True
Is 282559 a prime number?
True
Is 94889 prime?
True
Is 624006598 a composite number?
True
Is 162299639 prime?
True
Is 57889483 composite?
True
Is 87577207 a composite number?
False
Is 1748459 prime?
True
Is 17483 a prime number?
True
Is 65670641 a composite number?
False
Is 706787 a prime number?
True
Is 19948693 prime?
True
Is 11637461 prime?
False
Is 6576931 prime?
True
Is 9597479 a composite number?
False
Is 131589187 a composite number?
True
Is 1609781 prime?
False
Is 2757299 a prime number?
False
Is 121855 a prime number?
False
Is 173207791 a composite number?
False
Is 2250397 prime?
True
Is 9315577 a composite number?
True
Is 13982741 a prime number?
True
Is 442759 composite?
True
Is 2284021 composite?
True
Is 620091113 a composite number?
False
Is 3489451 composite?
True
Is 3607159 prime?
False
Is 1240454 composite?
True
Is 10074401 composite?
False
Is 8929423 composite?
True
Is 46185763 composite?
True
Is 72245 a composite number?
True
Is 255301091 composite?
False
Is 819629 a composite number?
False
Is 608117 a composite number?
False
Is 57239003 a composite number?
True
Is 26961321 prime?
False
Is 720341 composite?
True
Is 27633835 prime?
False
Is 22239881 a prime number?
True
Is 3382921 a prime number?
False
Is 268799 a composite number?
True
Is 731455 a composite number?
True
Is 35159123 a composite number?
False
Is 641054203 composite?
False
Is 2183369 a composite number?
True
Is 73415189 prime?
False
Is 21463309 prime?
False
Is 9517273 prime?
True
Is 40331303 a prime number?
False
Is 774124423 prime?
True
Is 102620515 prime?
False
Is 3968953 a prime number?
False
Is 57230581 composite?
False
Is 1850599 prime?
False
Is 187821553 prime?
True
Is 6681511 composite?
False
Is 8803649 prime?
True
Is 249631 a composite number?
True
Is 812545829 a composite number?
False
Is 11503949 a prime number?
False
Is 238782407 composite?
True
Is 279757 a composite number?
True
Is 328380877 prime?
False
Is 136204949 prime?
True
Is 1223119769 a composite number?
True
Is 18426517 a prime number?
False
Is 1477833653 a composite number?
False
Is 163753 a prime number?
True
Is 3115667 a composite number?
False
Is 1991089 prime?
True
Is 50982751 a prime number?
True
Is 928279 a prime number?
False
Is 197686397 a composite number?
False
Is 66860151 composite?
True
Is 173119 a prime number?
False
Is 33073069 prime?
True
Is 5925727 a prime number?
True
Is 125863 composite?
False
Is 9269401 prime?
False
Is 5988229 a composite number?
True
Is 8884679 a prime number?
True
Is 5621419 composite?
False
Is 30817831 composite?
True
Is 654026057 prime?
False
Is 2127046 prime?
False
Is 2661067 a prime number?
True
Is 8202457 a composite number?
False
Is 97054247 a prime number?
False
Is 85256891 prime?
True
Is 850061 composite?
False
Is 11329306 composite?
True
Is 4021769 composite?
False
Is 694247 a prime number?
False
Is 131233273 prime?
True
Is 6076417 a prime number?
True
Is 9409943 composite?
False
Is 4504411 composite?
False
Is 8467319 composite?
True
Is 31033903 prime?
False
Is 10422017 prime?
True
Is 1527157 prime?
True
Is 81216491 a prime number?
True
Is 1801187 a composite number?
False
Is 41803717 prime?
False
Is 2666071 a prime number?
True
Is 177366643 prime?
True
Is 53831749 prime?
True
Is 287744953 a composite number?
False
Is 609837517 a composite number?
False
Is 5923399 composite?
True
Is 119659343 a prime number?
False
Is 90612407 prime?
True
Is 1703651 a composite number?
False
Is 3261251 prime?
False
Is 5860033 prime?
True
Is 6927227 prime?
True
Is 155865557 prime?
True
Is 96055838 composite?
True
Is 3719 composite?
False
Is 14513585 a composite number?
True
Is 3820237 a prime number?
True
Is 41733439 a prime number?
False
Is 161679073 a prime number?
True
Is 28340707 prime?
False
Is 16536167 a composite number?
False
Is 15942434 prime?
False
Is 4003531 a composite number?
True
Is 10249 composite?
True
Is 55475923 composite?
False
Is 4661887 a prime number?
True
Is 2181631 prime?
False
Is 1943467 prime?
True
Is 17421827 composite?
False
Is 4473813 composite?
True
Is 464734131 composite?
True
Is 500219 a prime number?
False
Is 106473865 a prime number?
False
Is 59348323 a composite number?
False
Is 1671907 prime?
True
Is 61508459 a composite number?
False
Is 95634691 a composite number?
False
Is 8943245 prime?
False
Is 618509 prime?
True
Is 1596151 composite?
True
Is 1472123 a co